of t(-8)?
3
Let i = -8147 - -15584. What is the thousands digit of i?
7
Let n = 5093 + -2617. What is the units digit of n?
6
Let d be (-13)/(-6) + 100/120. Suppose -4*p + j + 374 = -2*p, -2*j = -d*p + 559. What is the units digit of p?
9
Let j = 207 - -4667. What is the thousands digit of (-3)/(2 - j/2434)?
1
Let q = -357 + 143. Let m = q + 367. What is the hundreds digit of m?
1
Suppose 21*b - 20908 + 6936 = 6608. What is the tens digit of b?
8
Let n(q) = 159*q**2 - 66*q + 24. What is the hundreds digit of n(10)?
2
Let l = 3 + -1. Suppose 4*w - 10 = -u, -2*w - 2*w + 12 = l*u. Suppose -u*z + 43 = 5*r - 24, 2*r + 20 = z. What is the units digit of z?
6
Suppose 226*p - 228*p - 3*d = -14193, p + 4*d = 7109. What is the thousands digit of p?
7
Suppose -i = -2*w + 2, 5*w = -6 + 1. Let x(g) be the second derivative of g**4/6 - 2*g**3/3 + g**2 - 553*g. What is the units digit of x(i)?
0
Let d(v) = -19*v - 22. Let w be d(-6). Let a = -52 + w. Let j = a - -7. What is the units digit of j?
7
Let q(g) = -2*g - 2. Let r be q(-6). Let m = -315 - -350. What is the units digit of 212/r - 7/m?
1
Let a(w) = 478*w - 3. Let d be a(-2). What is the hundreds digit of 1/(((-7)/1)/d)?
1
Let c = -77 - -172. Let n(x) = -x**3 + 15*x**2 - 2*x + 9. Let p be n(15). Let s = c + p. What is the units digit of s?
4
Let u(i) = 2*i**2 - 11. Let o be u(-4). Let h be (-1116)/(-14) + 6/o. Suppose -42*s - h = -46*s. What is the tens digit of s?
2
Suppose -2*n + 342 = 4*g - 2*g, 5*g - 4*n - 837 = 0. What is the hundreds digit of g?
1
Let z = -151 + 154. What is the hundreds digit of (9/(-3))/z - (1 - 412)?
4
Suppose -4*j - 13 = -1. Let f be j/(-7) + (2 - 3/7). Suppose 4*u - 2*h - 460 = 0, f*u + 0*h = -2*h + 230. What is the tens digit of u?
1
Let n(l) = 3*l**3 + 2*l**2 + 14*l. Let s = -343 + 348. What is the tens digit of n(s)?
9
Let v = 23680 - -3949. What is the hundreds digit of v?
6
What is the tens digit of 4/(-14) + (-160)/(-168) + 43960/84?
2
Suppose -5*p + 4*k - 2*k = 94, 0 = -3*p + 3*k - 60. Let b = -14 - p. Suppose b*h = 15 + 77. What is the tens digit of h?
2
Suppose -b + 0*b = 4*b. Suppose b = 16*n - 749 - 3107. What is the tens digit of n?
4
Let a be -1 + -3 + 3/(5 - 2). Let j be (-6)/a*((-18)/4)/(-1). What is the tens digit of 5*4 - (10 - j)?
1
Suppose -76 + 94 = 3*v, 4*m - 4*v = 74880. What is the thousands digit of m?
8
Suppose 20*w + 1 = 1. Suppose 0 = -3*u - 2*o + 2769, w = 4*u - 9*o + 7*o - 3692. What is the tens digit of u?
2
Let y(n) = 16 + 20*n + 2*n**2 - 3*n**3 - 12*n - 7*n**3 - 4*n**2. What is the units digit of y(-3)?
4
Let s be 2/(-3) + (-74)/(-3). Let h(q) = q**3 + 44*q**2 + 43*q + 11. Let i be h(-43). Suppose -s = i*k - 651. What is the units digit of k?
7
Suppose -2431 + 7879 = 3*j. Suppose 0 = -4*w - 4*w - j. What is the tens digit of (-1)/(2 - 3)*(2 - w)?
2
Let g = -5981 + 10051. What is the thousands digit of g?
4
Let l(w) = w**2 + 12*w + 1. Let b be l(-9). What is the units digit of b*(-5 + (-105)/10)?
3
Let q(n) be the third derivative of -n**7/1008 - 7*n**6/360 + 11*n**5/60 + 12*n**2. Let x(y) be the third derivative of q(y). What is the units digit of x(-23)?
1
Let f(c) = 89*c**3 - 8*c**2 + 2*c + 7. What is the tens digit of f(3)?
4
Suppose -p + 3*j = -8952, p + 4*p + 5*j = 44820. What is the hundreds digit of p?
9
Let j be 3*-37 - (-1 - 1). Let b be 6/24 + (-2860)/(-16) + -4. Let f = j + b. What is the units digit of f?
6
Let d be (-3 - -3)*(-6)/(-12). Let h be ((d/(-5))/(-2))/(-3). Suppose h = 3*k, l - 2*k - 8 = -k. What is the units digit of l?
8
Let s = 8 + 0. Let o be s/(-14) - 1184/(-112). Suppose -o = -n + 30. What is the units digit of n?
0
Let l(q) = -2*q + 18. Let a be l(8). Suppose 0*t + t = -2*d - 8, -a*d = -2*t - 10. What is the units digit of 1 + (-1306)/t - 18/(-54)?
9
Suppose -4*w + 42092 = -2*s, -5*w = 2094*s - 2096*s - 52614. What is the units digit of w?
2
Let x(y) be the second derivative of 17*y**5/10 - y**4/4 + y**3/3 - 2*y. Suppose 0 = -7*t + 7 - 0. What is the units digit of x(t)?
3
Let z(m) = 3*m + 34. Let l be z(-11). What is the units digit of ((-3 - 4) + 696)*l?
9
Let i be (4 - 3)/((-1)/47). Let l = -47 - i. Suppose l = 2*d + d - 237. What is the units digit of d?
9
What is the units digit of 292957/35 + (-14)/70?
0
Let n(o) = 19*o**2 - 7*o - 6. Let v be n(-1). What is the tens digit of ((-15)/v)/((-8)/512)?
4
Let p be (6/8)/(19/1064). Suppose 0 = -7*g - 28 - p. What is the units digit of (-7)/(35/g) + 35?
7
Let t be (2 + -2 - 4) + 26. Let s be 44/(-242) - (17172/t)/(-3). Suppose -n = -6*n + s. What is the units digit of n?
2
Let h = -12918 + 36961. What is the ten thousands digit of h?
2
Suppose -84 = -25*d + 11*d. What is the tens digit of 39/(-26)*(-1264)/d?
1
Suppose -39*v + 1270254 = 88*v. What is the units digit of v?
2
Let a = 108 - 108. Suppose 6*i - i - 50 = a. Suppose 433 = -6*z + i*z - f, -f - 540 = -5*z. What is the tens digit of z?
0
Let x(f) = -32*f**3 - 21*f**2 + 198. What is the units digit of x(-12)?
0
Let c(k) = 3 + 0*k + 17 + k. Let b be (-282)/26 + (-18)/117. What is the units digit of c(b)?
9
Let i(a) = 11*a**2 + 302*a + 11696. What is the units digit of i(-44)?
4
Let d = -95119 + 147568. What is the tens digit of d?
4
Let n = -173 - 554. Let l = 17 - n. What is the hundreds digit of l?
7
Suppose w + 156 = -w - 5*b, -3*w = 3*b + 225. Let z = w - 43. Let o = 204 + z. What is the units digit of o?
8
Suppose -4 + 1 = -l. Suppose -l*t + 9 = -42. Suppose 2*w = 169 + t. What is the tens digit of w?
9
Let i(y) = -y**2 + 9*y + 14. Suppose -3*b - n + 2 = n, 3 = 2*b + n. Suppose 4*p = b*t + 56, -5*p - 5*t + 16 + 4 = 0. What is the units digit of i(p)?
4
Let m = 68 + -64. Suppose -3*s = -2*j - 4, 0*s + 4 = -m*s + 5*j. Suppose -4*r + 2*k = -992, r - k - s*k - 239 = 0. What is the units digit of r?
9
Suppose -2*j - i + 6179 = 0, 5*i + 5888 = 4*j - 6435. What is the hundreds digit of j?
0
Suppose -5*r + 87270 = 3*j, 0 = 6*r - 7*r - 4*j + 17454. What is the hundreds digit of r?
4
Let i be (-2)/(2/(-41)) + 2. Suppose -11 = y - 53. Let l = i - y. What is the units digit of l?
1
Let z be (3/(-21) - (-11660)/(-112))*(-16)/12. Let n = 5 + 3. Let b = n + z. What is the hundreds digit of b?
1
Let y be 0 + 10 - 104/13. Suppose 1768 = m - 5*o + 166, 0 = -y*m + 2*o + 3164. What is the hundreds digit of m?
5
Let q = 2482 + -1279. What is the tens digit of q?
0
Let f be (9/6)/(-3)*12 + -1. Suppose -5*u = -2*w - 111, 5*u - 2*w - w = 114. Let h = u + f. What is the units digit of h?
4
Let q(v) be the second derivative of -78*v**3 + 13*v. Let h be q(-2). What is the units digit of 1/((-2)/1 + 1880/h)?
7
What is the tens digit of (151793/(-68))/((-5)/60 - 0)?
8
Let s(j) = -3*j + 14*j**2 - 13*j**2 - 4*j - 17 - 2*j. Let w be s(11). Suppose -2*d = 3*r - 38, 17 = -5*r + w*d + 122. What is the tens digit of r?
1
Let j(i) = i + 16. Let w be j(-6). Suppose w = -8*n + 10*n. Suppose 7*z - 5 = 6*z, n*a - 3*z - 1045 = 0. What is the tens digit of a?
1
Let c = -9797 + 41943. What is the units digit of c?
6
Suppose 0*p = 2*p + b, -3*b = -3*p. Suppose 692 = 5*r + 5*h - 928, p = -5*h + 25. What is the units digit of r?
9
Suppose 3*z = 4*r + 11383 - 3523, 10536 = 4*z + 4*r. What is the thousands digit of z?
2
What is the hundreds digit of 3314/(23*(-3)/(-1173))?
3
Let y be (68/(-3))/(2/(-3)). Let t = 38 + y. Suppose 0 = 2*q + k - t, -k = -5*q - 5*k + 174. What is the units digit of q?
8
What is the units digit of 18515 - ((-9)/(-18) + 26/(-4))?
1
Suppose -24*f - 3*f = -118294 - 275879. What is the tens digit of f?
9
Let v be (-2)/(((-14)/(-63))/(-1 + 13)). Let s = v + 135. Suppose -14 = 25*j - s*j. What is the units digit of j?
7
Let z(i) = i**3 - 4*i**2 - 12*i + 3. Let k be z(6). Suppose -k*c = -c - 674. What is the tens digit of c?
3
Suppose z = -2*q + 838, 0*q = 3*z + q - 2524. Let d = z - 149. What is the units digit of d?
3
Suppose -324 = 2*u - 5*u. Let f be ((-7)/6)/((-8)/12)*u. Let b = -63 + f. What is the units digit of b?
6
Let p(i) = 8*i**2 + 690*i + 497. What is the units digit of p(-132)?
9
Let w be -1 + 7/4 + 640/512. Suppose -3*q - 1915 = -3*s - 8*q, -1268 = -w*s + q. What is the units digit of s?
5
Let j = 512 - 362. Suppose 0 = 3*x + 2*d - j, -4*x + 4*d + 132 = -x. What is the units digit of 2*x/(-4)*-1?
4
Suppose -2*a + 17